pose -6*a + a = -10. Let c(s) = 4 + 2*s + a*s - 5*s. Give c(4).
0
Let g(j) = j**3 - 2*j + 1. Suppose -4*o + 2*y + 83 = o, -3*o + 48 = -3*y. Suppose -4*l + 5*t - o = 0, 0 = 4*l - 2*t + 14. Give g(l).
-20
Let t(q) = q. Let o(r) = 2*r - 4. Let b(c) = -3*c + 5. Let p(l) = -4*b(l) - 5*o(l). Let z(u) = -p(u) + 3*t(u). Determine z(-7).
-7
Let x be 1/(40/56*1*(-2)/10). Let w(g) = -g**2 + 4*g - 2. Let v(r) = -6*r**2 + 19*r - 10. Let u(j) = 2*v(j) - 11*w(j). What is u(x)?
-5
Let i(k) = 2*k + 7. Let a(u) = -u + 1. Let y(z) = -2*a(z) + i(z). Give y(-2).
-3
Let j = 2 - -2. Suppose 6 = p - 5*f, 0 = p - f + j*f - 22. Suppose -8*g + p = -4*g. Let r(d) = d**2 - 4*d - 4. Calculate r(g).
-4
Suppose 3 = -4*i + 7. Let z(x) = 8*x**2 - 1. Determine z(i).
7
Let p(a) = a**2 + 5*a - 6. Let m(r) = -r**2 - 9*r - 11. Let w be m(-6). Let n(s) = -s + 2. Let u be n(w). What is p(u)?
-6
Let r(w) be the third derivative of -w**4/12 + 7*w**3/6 + w**2. Let i = 3840 - 3834. Calculate r(i).
-5
Let w(r) = 8*r**2 - 2. Let q be w(1). Let s(t) = t**3 - 5*t**2 - 6*t + 8. What is s(q)?
8
Let o(u) = -u**3 - 27*u**2 - 7*u + 45. Let g be o(-27). Suppose -5*l - g = -269. Let c(j) = j. What is c(l)?
7
Suppose -2*v - 5*m + 18 = 6, 2*m = 3*v + 20. Let h(d) = -d**2 - d + 2. Give h(v).
-10
Let n(j) be the third derivative of j**6/120 - j**5/15 - j**4/8 + 5*j**3/6 + 126*j**2. Calculate n(5).
15
Let q(i) = -i**3 - i**2 - 1. Let h be q(-1). Let b(g) = -1740 + 2*g + 11*g + 1739 - 10*g. Determine b(h).
-4
Suppose -y + 2 = 4. Let k(l) be the first derivative of -l**4/4 + l**3/3 + l**2 + 2*l - 125. Give k(y).
10
Let r(p) = -13*p**3 + 10*p**2 + 49*p - 17. Let q(s) = -3*s**3 + 3*s**2 + 12*s - 4. Let n(h) = 9*q(h) - 2*r(h). What is n(8)?
14
Let i(j) = j**2 - 10*j + 17. Let m be 1/(-11) - 871/(-143). Calculate i(m).
-7
Suppose 3*x = 23 - 8. Let c(r) = 0 - 3 + 6 - 4*r + 4. What is c(x)?
-13
Let c(w) = -2*w**2 + 6*w + 3. Let s be c(4). Let p be 45/6*(0 + (-4)/s). Let h(i) be the first derivative of i**4/4 - 5*i**3/3 - 3*i**2 - i + 5. Give h(p).
-1
Suppose -t - 4 = x + 3, 5*x + 20 = 0. Let g(v) = -v**2 - 3. Calculate g(t).
-12
Let w(o) be the third derivative of o**5/60 + 3*o**4/8 - 5*o**3/3 + 80*o**2. Give w(-9).
-10
Let x(r) = 2*r - 3 + 6 - 8*r. Let l(o) = 5*o - 3. Let z(j) = 5*l(j) + 4*x(j). Determine z(6).
3
Let l(o) = -141 - 146 + 280 + o**2 + 3*o. What is l(-4)?
-3
Let z = 35 - 22. Let x(k) = 4*k**3 - 1 - z*k**3 - 4*k**2 + 10*k**3 + 2*k. Give x(3).
-4
Let m(i) = -2*i**2 + 46*i - 1. Let b be m(23). Let n(z) = -4*z**2 + z. Determine n(b).
-5
Let g(h) = 4*h - 2*h - 4*h + 12 - 4. What is g(7)?
-6
Suppose 0 = -p - 2*p + 6. Let s(m) = -3 + 7*m - 8*m**2 + 1 + 7*m**p. Let b(t) = 4*t**2 - 2*t + 1. Let r be b(1). What is s(r)?
10
Let j(k) = 3*k + 104*k**2 - 5*k - 3*k**3 - 6 + 2*k**3 - 107*k**2. Calculate j(-3).
0
Let v(h) be the first derivative of -40 + 1/3*h**3 - h - 9/2*h**2. Calculate v(9).
-1
Let u(t) = 19*t**2 + 235*t**3 - 51*t + 41*t + 14 - 233*t**3. Determine u(-10).
14
Let n(o) be the second derivative of 1/20*o**5 + 10*o + 0*o**3 + 11/2*o**2 + 3/4*o**4 + 0. Give n(-9).
11
Suppose -5*w - 19 = -24. Let c(p) = -w + 2 + 6*p**2 - 2*p - 4*p**2 + 0*p. Let o(n) = -n**3 - 3*n**2 - 4*n - 2. Let s be o(-2). Calculate c(s).
5
Suppose -25*m = 39 + 11. Let c(q) be the first derivative of -1/4*q**4 + 2 - 3/2*q**2 - q - 2/3*q**3. What is c(m)?
5
Let n(r) = 2*r + 4. Let u(h) = h**3 + h - 2. Let i(c) = c**3 + c**2 - c - 1. Let t(l) = -3*i(l) + u(l). Let v be t(-3). Let w = v - 12. Determine n(w).
12
Let g = -205 - -205. Let u(h) = -2*h - 3. What is u(g)?
-3
Let i = -22 - -16. Let p be (56/12)/((-2)/i + -1). Let t(l) = l**2 + 9*l + 5. What is t(p)?
-9
Let o = -18 - -7. Let n(x) = 4*x - x + 10 - 2*x + 0*x. Let a be n(o). Let p(w) = 4*w - 1. Calculate p(a).
-5
Let i(k) = 3*k - 36 + k**2 + 5 + 16 + 12. Let t be i(-2). Let d(s) = -2*s - 6. Determine d(t).
4
Let r(v) = -4*v + 694 - 345 - 344. Calculate r(2).
-3
Let y(w) be the second derivative of -2*w**3/3 + 6*w**2 - 203*w. Give y(4).
-4
Let n(b) = -13*b + 8. Suppose -4*j + 9 = -3*j. Let g(m) = -3*m + 2. Let c(h) = j*g(h) - 2*n(h). Give c(4).
-2
Let q(y) = 10*y**2 - y - 9*y**2 + 0 - 2. What is q(2)?
0
Let s(z) = -3*z - 23. Let w be s(-19). Let j = -38 + w. Let a(p) = -p**2 - 6*p - 2. Calculate a(j).
6
Let l = 395 - 396. Let r(t) = 8*t - 2. Calculate r(l).
-10
Suppose -39 = -4*w + 3*v, -2*v + 25 = 3*w - 17. Let t be (-4)/36*3*w. Let x(r) = r**2 + 3*r + 1. Let j be x(t). Let o(h) = h - 5. Calculate o(j).
0
Let a(m) = -10 - 89*m - 82*m + 169*m. What is a(-9)?
8
Suppose -9*h + 101 = -115. Suppose -a = -7*a - h. Let j(x) = -x**2 - 6*x - 3. Determine j(a).
5
Let u = 22 + -15. Suppose k = -2, 3*n + 5*k + u = 3. Let o(i) = i - 4*i**2 - 2 + 3*i**n + 3*i**2. Give o(-2).
4
Let u(o) = -o**3 - o**2 + o - 1. Let y(c) = -c**3 + 8*c**2 - 9*c. Let r be y(6). Let v be (2/5)/(r/(-90)). Let z be u(v). Let h(q) = -6*q**3. Calculate h(z).
-6
Suppose -q = 2*b - 9, -5*b + 3*q = 10 - 16. Let m(y) = -y**2 + 6*y. Let s(p) = p. Let i(z) = -m(z) + 5*s(z). What is i(b)?
6
Let m(t) = t**3 - t**2 - 1. Let f(q) = -5*q - 21. Let a be f(-13). Suppose p + a = 4*k + 7, 38 = -2*p - k. Let v = p - -21. Give m(v).
-1
Let n(t) = -7*t**2 - t. Let m(c) = 5*c - 5. Let o be (16/10)/(7/(-35)). Let l be m(o). Let g be (-16)/10 - 27/l. Determine n(g).
-6
Let h(s) be the second derivative of -2*s**2 - 1/2*s**3 + 7*s + 0*s**4 + 1/20*s**5 + 0. Calculate h(3).
14
Let g(h) = -2*h + h - 2*h - 5 - h**2. Suppose 47*w - 47 = -235. What is g(w)?
-9
Let s(c) = -1. Let u be (-1)/(-3) + -6*(-1)/9. Let x(k) = k + 1. Let l(d) = u*x(d) + 6*s(d). Let h be 0/((-1)/1 - 0). Determine l(h).
-5
Let v(q) = -12*q**2 + q**2 + 20*q**2 + 3*q**3 + 1 - 11*q**2 - 3*q + q. Calculate v(2).
13
Let x(r) = 3*r**3 - 3*r**2 - r - 12. Let z(p) = 4*p**3 - 4*p**2 - p - 14. Let v(b) = 5*x(b) - 4*z(b). Determine v(0).
-4
Let v(n) = -n + 2. Let d(j) = j - 1. Let h(c) = -5*d(c) - 6*v(c). Let m = 6 - 11. Let t be (m*(-2)/2)/1. Determine h(t).
-2
Let g be 8*2/4 + (-8)/2. Let a(m) = g*m - 6*m + 3*m - 7. Let n be -5 + (1 - (0 + 2)). Give a(n).
11
Suppose -4*c = 4*w, -2*c = -5*w - c + 18. Suppose -h - 4 = -w*h. Let u(y) = -h - 3*y + 4 + 3. Give u(4).
-7
Let k(f) be the third derivative of f**5/60 + f**4/6 + 2*f**3/3 + 33*f**2. Determine k(-5).
9
Let h(m) be the first derivative of -m**3/3 + m**2/2 + 3*m - 163. Give h(0).
3
Let i(o) be the second derivative of -o**4/12 - o**3/6 - 3*o**2/2 + 213*o - 2. Give i(-4).
-15
Let o(p) be the third derivative of 1/30*p**5 + 1/6*p**4 + 1/3*p**3 + 1/360*p**6 + 7*p**2 + 0*p + 0. Let q(v) be the first derivative of o(v). What is q(-3)?
1
Let u(t) = -2*t + 1 + 0 - t**2 - 4*t. Let o = 86 + -73. Let x = -19 + o. Determine u(x).
1
Let w(x) = 3*x**3 + 17*x**2 - 17. Let m(c) be the second derivative of c**5/20 + 2*c**4/3 - 4*c**2 - c. Let t(k) = 5*m(k) - 2*w(k). What is t(6)?
-6
Let h(j) = -2*j + 3*j + 0*j - 5. Let n(o) = -3*o - 79. Let y be n(-27). Suppose -5*k + 2*x + 23 = 0, -y*x + x = k - 6. Calculate h(k).
0
Let s(y) = 5*y**3 + 4*y**2 - 3*y + 16. Let b(a) = -6*a**3 - 4*a**2 + 3*a - 17. Let g(w) = 6*b(w) + 7*s(w). Calculate g(4).
-2
Let w(d) = -10*d + 6. Let y(b) = -b + 1. Let x(c) = -w(c) + 8*y(c). Suppose 0 = g - 5*a - 25, -5*g - 2*a = -7*a - 105. Suppose g = -17*t + 13*t. Calculate x(t).
-8
Let z be 1 - 1 - -3 - 20/2. Let p(q) be the first derivative of -q**3/3 - 4*q**2 - 6*q + 1. What is p(z)?
1
Let i = 14 + -9. Let o(l) = 2 + 5*l + i - 2 - 3. Let n(c) = c - 1. Let k be n(3). What is o(k)?
12
Let p(v) = v + 2. Suppose -3*q + b = -6, -18*q = -17*q - 3*b - 2. Calculate p(q).
4
Let i(j) = j**3 + 84*j**2 - 7*j - 5*j + 22 - 92*j**2. Give i(9).
-5
Suppose -3*y - 9 = v, -12 = -5*y + 5*v - 7. Let l(k) = -4*k**2 - k + 1. Determine l(y).
-13
Let p(y) = -12*y + 3*y + y**2 + 9 - 2. Determine p(6).
-11
Let k(d) = -2*d**3 + 2*d**2 + 1. Let x be k(2). Let c(h) = -10 - 3*h + 3*h - h. What is c(x)?
-3
Let z = 173 + -180. Let g(r) = -r**2 - 9*r - 10. Determine g(z).
4
Let j(u) = -9*u - 74. Let o be j(-8). Let g be (o/(-16)*4)/(1/(-2)). Let r(k) = k**2 + 0 - 2 + 1. What is r(g)?
0
Let y(x) = x**2 + 8. Let r = 16 - 13. Let b(j) = j**2 - j + 0*j + j + r*j. Let p be b(-3). Determine y(p).
8
Let w(a) be the second derivative of 3*a**4/4 - a**3/3 + a**